uppose -4*t + r*b = -12, -f*b - 14 = -3*t - 4. What is the units digit of t?
2
What is the tens digit of ((-8)/(-12))/(10/6135)?
0
Let a = -7 + 55. What is the units digit of a?
8
Let q(a) = -a**3 - 14*a**2 + 3*a + 2. What is the tens digit of q(-15)?
8
Let n(w) = -w**2 + 7*w + 8. Let v be n(9). Let f be v/(3 + 1 - 3). Let k = f + 25. What is the tens digit of k?
1
Suppose -2*h + 164 + 232 = -k, -h + 205 = -4*k. What is the units digit of h?
7
What is the units digit of (2 + 408/15)*(-20)/(-2)?
2
Suppose -16*o + 11*o = -310. What is the units digit of o?
2
Let q(a) = -9*a - 13. What is the units digit of q(-6)?
1
Suppose -8*z - 204 = -10*z. What is the tens digit of z?
0
Let g be (-6)/4*20/6. Let i = g - -15. What is the units digit of i?
0
Let w(y) = -8*y. Let l(u) = -3*u**2 + u - 1. Let j be l(1). Let b = j + 2. What is the units digit of w(b)?
8
Let o be ((-4)/6)/((-5)/15). Suppose o*x = -0*x - 2*d + 28, 0 = -d + 4. What is the units digit of x?
0
Suppose -b = 2*q - 69, 4*b - 166 = -3*q + 110. What is the tens digit of b?
6
What is the hundreds digit of (-2 - -3)/1 + 6 + 238?
2
Suppose o = -5*f - 41, 3*f + 64 = -2*o - f. Let c = 38 + o. What is the tens digit of c?
1
Let k = 6 + -6. Let d = 2 - k. Suppose d*m - 37 + 7 = 0. What is the tens digit of m?
1
Suppose 2*q + 0 = 3*j + 4, -4*j - 36 = 5*q. Let g(z) = z**2 + 3*z - 2. What is the units digit of g(j)?
2
Let z = -2 + 4. Let k = z - 5. Let b(j) = -2*j - 4. What is the units digit of b(k)?
2
Suppose 5 + 10 = -3*t. Let k(o) = 5*o**2 - o. Let l(v) = -9*v**2 + 3*v + 1. Let g(z) = -11*k(z) - 6*l(z). What is the units digit of g(t)?
4
Suppose -550 = 8*h - 13*h. Suppose -3*o - 2*o = -h. What is the units digit of o?
2
Let t(w) = -w**2 + 6*w - 6. Let k be t(4). Suppose 0 = k*i + 3*i - 95. What is the tens digit of i?
1
Suppose -6*l - 12 = -8*l. Suppose -3*u = -l - 3. What is the units digit of u?
3
Let w = -8 - -18. Let h = w + -10. Suppose 0 = -i - 3*v - h*v + 4, 3*i = -v + 44. What is the units digit of i?
6
Let u(j) = j**3 + 21*j**2 - 10*j - 9. What is the hundreds digit of u(-21)?
2
Let t = -17 - -23. What is the units digit of t?
6
Suppose 0 = -5*h + w - 40 - 42, 0 = -2*w + 4. Let b = h + 30. Suppose 2*x = z + b, x - z = 3*x - 6. What is the units digit of x?
5
Let j be (1*14)/((-8)/(-28)). Suppose 11 - j = -2*u. What is the tens digit of u?
1
Let v = -7 - -11. Let m = v - -8. Let y = m + -8. What is the units digit of y?
4
Let v = -5 + 7. Suppose -3*a + 5*x + v = 0, 5*a + 5*x - 56 - 14 = 0. Suppose -5*w = -4*w - a. What is the units digit of w?
9
What is the units digit of 36*1 + (-24)/6?
2
Let m(k) = k**3 - 5*k**2 + 7. Let n be m(5). Let q = n - 4. What is the units digit of q?
3
Suppose 0 = -2*b + 8 - 0. Suppose -5*f - 4*r = -20, -3*f + 8 = -f - b*r. What is the units digit of f?
4
Suppose 0*p - 3*p + 3 = 0. Let h be (-1)/(-3)*p*24. Suppose 0 = 2*x - x - h. What is the units digit of x?
8
Let t be 4 - (12/(-3))/(-2). Let v be -2*((-3)/t - 0). Suppose 4*j - v*j = 3. What is the units digit of j?
3
Suppose -4*u + 12 = 0, -2*u = -3*y - u - 48. Let q = 83 - 47. Let k = y + q. What is the units digit of k?
1
Let b(c) = -c + 6 + 6 - 1. Let a be b(6). Suppose -5*d + 6*d = -4*x + 24, -a*d + 18 = 3*x. What is the units digit of x?
6
Let q = -5 - -27. What is the units digit of q?
2
Let d(h) = h**2 + 2*h - 6. Let w = 14 - 20. What is the units digit of d(w)?
8
Let c(w) = 2*w - 7. Let h be c(6). Suppose 70 = h*j - 0*j. What is the units digit of j?
4
Let f(y) = -y**2 + 9*y + 12. Let p be f(10). Suppose 5 = 4*r - 3. What is the units digit of p + 4*1/r?
4
Let p(q) = -2*q**3 + 2*q**2 - 1. Let c be p(-1). What is the units digit of 1 + (3 - c) + 22?
3
Suppose -25 = 4*p + p - 5*j, 5*p - 4*j + 26 = 0. What is the units digit of (-9)/(p/(-2)) + 4?
1
Suppose 4*a = 15 + 25. Let u = 31 - a. What is the units digit of u?
1
Let j(g) = -10*g**3 - g**2 - 6*g - 5. What is the units digit of j(-2)?
3
Suppose -5*v - 3*s + s = 33, -5*v + 4*s - 39 = 0. Suppose 0 = -0*i - 5*i + 65. Let y = v + i. What is the units digit of y?
6
Suppose 3*d + 245 = 8*d. Suppose 5*w = 2*z + d, 4*z = 5*w - 3*w - 10. What is the units digit of w?
1
Suppose 0 = -2*y + r + 60 + 24, -r + 196 = 5*y. What is the tens digit of y?
4
Suppose m + 7*q = 4*q + 74, 4*m + 4*q - 272 = 0. What is the tens digit of m?
6
Let h(l) = -l**2 - 3*l + 4. Let s be h(-3). Suppose 42 + 74 = s*z. What is the units digit of z?
9
Let c = -25 - -41. What is the units digit of c?
6
Let t be (-1*1)/((-8)/(-232)). Let g = t + 52. What is the tens digit of g?
2
Suppose -19*o = -2*o - 3723. What is the tens digit of o?
1
Let r = 5 - 8. Let k be -1 - r - (1 - 1). Suppose 10 = -k*d + 4*d, -12 = 3*u - 3*d. What is the units digit of u?
1
Suppose -2*z + 11 + 1 = 0. Suppose -3*i - 18 = -z*i. What is the units digit of 45/i*(-4)/(-3)?
0
Suppose -2*s + l = 12 + 4, -2*s - 5*l - 28 = 0. Let a(v) = -v + 2. What is the units digit of a(s)?
1
Let w(c) = c + 13. Let f be w(-9). Suppose 0*r + 3*n = -2*r + 66, -2*r - f*n = -64. What is the units digit of r?
6
What is the tens digit of (-2)/(-1)*41 - -1?
8
Suppose -4*u + 18 = 2. Suppose -3*h = -u*w - 67, 2*h - 4*w + 2*w - 42 = 0. Suppose 3 - h = -2*b. What is the units digit of b?
7
Let w(h) = h + 3. Let r be w(-3). Suppose 4*q + r*q = 72. What is the tens digit of q?
1
Let z(l) = 3*l**2 - 60*l + 4. What is the units digit of z(24)?
2
Suppose -d + 11 + 43 = 0. Suppose 3*j - j - d = 0. What is the tens digit of j?
2
Suppose 2*p + 4*k = 16, 3*p - 3*k = -2*k + 59. What is the tens digit of p?
1
Suppose 4*w - 24 = 2*u, 2*w + 2*w + 4*u - 24 = 0. Suppose -w*h + 3*h = -24. What is the units digit of h?
8
What is the units digit of ((-87)/(-6))/(4/48)?
4
Let l be (-1)/3 + 49/3. Suppose 3*o + l = o. Let d = -4 - o. What is the units digit of d?
4
Suppose -4 = -4*j, -j + 1 + 3 = 3*m. Suppose m - 7 = 3*u. What is the units digit of (5/15)/(u/(-24))?
4
Suppose -80 = -0*m + 4*m. What is the units digit of (-3)/(-2 - 34/m)?
0
Suppose 3*h = 28 + 14. Suppose 2*d + h = 66. What is the units digit of d?
6
Let q = 1 - 1. Suppose q = w - 2*w + 3*p + 26, -3*p + 119 = 4*w. What is the units digit of w?
9
Suppose -190 = -j - 4*o, 4*j + 2*o = 2*j + 386. What is the hundreds digit of j?
1
Let m = -823 + 1196. What is the units digit of m?
3
Let r(x) = -4*x - 3. Let k(n) = 5*n + 4. Let s(i) = -3*k(i) - 4*r(i). Let b = 16 + -10. What is the units digit of s(b)?
6
Let w = -29 + 16. Let p = -9 - w. Suppose -20 = -p*u - u. What is the units digit of u?
4
Let j(i) = i**2 - 8*i + 1. Let h be j(8). Suppose h = b - 3. Let n(p) = p**3 - 3*p**2 - 3*p + 5. What is the units digit of n(b)?
9
Let l = -20 + 30. Suppose l = x - 2. What is the units digit of x?
2
Suppose 3*r + z = 9 + 5, 3*r = -2*z + 16. Let t(g) = -g**3 + 3*g**2 - 2*g - 1. Let q be t(r). What is the units digit of q/(-6) - (-1)/(-6)?
4
Let b(h) = -h**2 + 13*h - 22. Let a be b(15). What is the units digit of ((-1)/((-2)/a))/(-2)?
3
Let a = 2 - -3. Suppose o + 15 = a*b + 3, 4*o = -3*b - 2. What is the units digit of (-1 - b)*4/(-6)?
2
Suppose -x + 13 + 19 = -g, -2*g - 5*x = 85. Let z be 4/14 - (-115)/g. What is the units digit of -6*((-4)/z - 2)?
4
Suppose 0 = 5*j - 5*a - 315, 75 = j + 2*a + 3*a. What is the units digit of j?
5
Let l be 1 + -4 - (-40 + -3). Suppose -3*b = 4*n - 38, 5*n - l - 4 = -2*b. What is the units digit of n?
8
Let n = -9 - -13. Suppose 24 = n*w - 4. What is the units digit of w?
7
Let f be (24/(-40))/(1/(-5)). Suppose 2*d + y + 2*y - 53 = 0, -f*d - 5*y + 78 = 0. Let u = -20 + d. What is the units digit of u?
1
Let z = 143 + -101. What is the units digit of z?
2
Suppose -3*o + 12 = -0*o. Suppose -26 = -o*z + 38. What is the tens digit of z?
1
What is the tens digit of (-1)/2 + 1638/12?
3
Let k = -6 + 4. Let y(q) = -q**3 + 5*q**2 - 6*q + 6. Let s be y(4). What is the units digit of k/(-2 + (-2)/s)?
2
Suppose -424 = -2*d - 78. What is the tens digit of d?
7
Let o(m) = -m**2 - 3*m + 2. Let w be o(-4). Let n be ((-8)/(-10))/(w/10). What is the units digit of (-15)/(-10)*n/(-3)?
2
Let v(w) = 2*w**2 + 3*w - 1 + 2*w + w - 5*w. What is the units digit of v(1)?
2
Suppose 3*f - 15 - 99 = 0. What is the units digit of f?
8
Suppose -2 - 10 = 4*q. Let n = 7 + q. Suppose 4*z - 4 = -p, 5*z = -0*p - p +